{"id":5416,"date":"2025-03-24T11:15:44","date_gmt":"2025-03-24T17:15:44","guid":{"rendered":"https:\/\/veteran-affairs-louisiana.local\/?post_type=personnel&#038;p=5416"},"modified":"2025-06-12T12:49:42","modified_gmt":"2025-06-12T17:49:42","slug":"dr-jerome-l-bullercol-eua-aposentado","status":"publish","type":"personnel","link":"https:\/\/vetaffairs.la.gov\/pt\/personnel\/dr-jerome-l-bullercol-usa-retired","title":{"rendered":"Dr. Jerome L. Buller, Coronel (Ex\u00e9rcito dos EUA, aposentado)"},"content":{"rendered":"<p>O Dr. Jerome L. Buller, um distinto executivo m\u00e9dico, construiu uma carreira excepcional marcada por servi\u00e7o dedicado, lideran\u00e7a vision\u00e1ria e inova\u00e7\u00e3o transformadora tanto na \u00e1rea da sa\u00fade militar quanto na civil. Sua not\u00e1vel trajet\u00f3ria no Ex\u00e9rcito dos EUA e sua subsequente lideran\u00e7a no setor privado refletem um compromisso inabal\u00e1vel com o avan\u00e7o da assist\u00eancia m\u00e9dica e o bem-estar daqueles a quem serve.<\/p>\n\n<p>Durante sua carreira militar, o Dr. Buller desempenhou fun\u00e7\u00f5es de lideran\u00e7a cruciais, incluindo o comando da Brigada da Universidade de Servi\u00e7os Uniformizados e o comando do Instituto de Pesquisa Cir\u00fargica do Ex\u00e9rcito dos EUA. Ele tamb\u00e9m atuou como Oficial Executivo do Cirurgi\u00e3o-Geral do Ex\u00e9rcito dos EUA, Diretor de Comunica\u00e7\u00f5es da Medicina do Ex\u00e9rcito, Cirurgi\u00e3o-Chefe da Universidade de Defesa Nacional e Cirurgi\u00e3o da 1\u00aa Divis\u00e3o Blindada. Seu servi\u00e7o inclui dois anos no Oriente M\u00e9dio em apoio \u00e0 Guerra Global contra o Terrorismo. Ap\u00f3s se aposentar do Ex\u00e9rcito, o Dr. Buller ingressou no setor privado como Diretor M\u00e9dico e Diretor de Servi\u00e7os Cl\u00ednicos e Programas de Qualidade da Optum Serve. L\u00e1, ele liderou servi\u00e7os cl\u00ednicos e programas de qualidade, atendendo \u00e0 comunidade de veteranos em todo o pa\u00eds.<\/p>\n\n<p>O Dr. Buller juntou-se \u00e0 equipe da LDVA em fevereiro de 2024. Ele fornece supervis\u00e3o estrat\u00e9gica das quatro opera\u00e7\u00f5es fundamentais do departamento: benef\u00edcios para veteranos, educa\u00e7\u00e3o para veteranos, cuidados de longa dura\u00e7\u00e3o e honras f\u00fanebres. Como diretor de servi\u00e7os m\u00e9dicos, supervisiona as opera\u00e7\u00f5es m\u00e9dicas em nossos cinco lares para veteranos na Louisiana.<\/p>\n\n<p>O Dr. Buller \u00e9 m\u00e9dico obstetra e ginecologista certificado, com especializa\u00e7\u00e3o em uroginecologia e cirurgia reconstrutiva p\u00e9lvica. Ele tamb\u00e9m \u00e9 membro do American College of Healthcare Executives e possui a certifica\u00e7\u00e3o de Executivo M\u00e9dico pela American Association for Physician Leadership. \u00c9 mestre pela Carey Business School da Universidade Johns Hopkins e mestre em Seguran\u00e7a Nacional e Estrat\u00e9gia de Recursos pela National Defense University.<\/p>\n\n<p>O Dr. Buller reside em Covington, Louisiana, com sua esposa Jennie, com quem \u00e9 casado h\u00e1 30 anos e cujo apoio inabal\u00e1vel tem sido um pilar fundamental em sua trajet\u00f3ria. Juntos, criaram tr\u00eas filhas talentosas: Tiffany, veterana do Ex\u00e9rcito dos EUA e analista de defesa que presta servi\u00e7os ao Ex\u00e9rcito dos EUA na Europa; Hailey, capit\u00e3 do Ex\u00e9rcito dos EUA e residente de pediatria no Centro M\u00e9dico do Ex\u00e9rcito Madigan; e Meredith, bi\u00f3loga com mestrado em Maryland. Fundamentado na fam\u00edlia e na f\u00e9, os valores do Dr. Buller continuam a inspirar seu legado de servi\u00e7o e excel\u00eancia.<\/p>","protected":false},"featured_media":95,"template":"","meta":{"_acf_changed":false,"_links_to":"","_links_to_target":""},"class_list":["post-5416","personnel","type-personnel","status-publish","has-post-thumbnail","hentry"],"acf":[],"_links":{"self":[{"href":"https:\/\/vetaffairs.la.gov\/pt\/wp-json\/wp\/v2\/personnel\/5416","targetHints":{"allow":["GET"]}}],"collection":[{"href":"https:\/\/vetaffairs.la.gov\/pt\/wp-json\/wp\/v2\/personnel"}],"about":[{"href":"https:\/\/vetaffairs.la.gov\/pt\/wp-json\/wp\/v2\/types\/personnel"}],"version-history":[{"count":0,"href":"https:\/\/vetaffairs.la.gov\/pt\/wp-json\/wp\/v2\/personnel\/5416\/revisions"}],"wp:featuredmedia":[{"embeddable":true,"href":"https:\/\/vetaffairs.la.gov\/pt\/wp-json\/wp\/v2\/media\/95"}],"wp:attachment":[{"href":"https:\/\/vetaffairs.la.gov\/pt\/wp-json\/wp\/v2\/media?parent=5416"}],"curies":[{"name":"wp","href":"https:\/\/api.w.org\/{rel}","templated":true}]}}

Dr. Jerome L. Buller, Coronel (Exército dos EUA, aposentado)

<p>O Dr. Jerome L. Buller, um distinto executivo médico, construiu uma carreira excepcional marcada por serviço dedicado, liderança visionária e inovação transformadora tanto na área da saúde militar quanto na civil. Sua notável trajetória no Exército dos EUA e sua subsequente liderança no setor privado refletem um compromisso inabalável com o avanço da assistência médica e o bem-estar daqueles a quem serve.</p>

<p>Durante sua carreira militar, o Dr. Buller desempenhou funções de liderança cruciais, incluindo o comando da Brigada da Universidade de Serviços Uniformizados e o comando do Instituto de Pesquisa Cirúrgica do Exército dos EUA. Ele também atuou como Oficial Executivo do Cirurgião-Geral do Exército dos EUA, Diretor de Comunicações da Medicina do Exército, Cirurgião-Chefe da Universidade de Defesa Nacional e Cirurgião da 1ª Divisão Blindada. Seu serviço inclui dois anos no Oriente Médio em apoio à Guerra Global contra o Terrorismo. Após se aposentar do Exército, o Dr. Buller ingressou no setor privado como Diretor Médico e Diretor de Serviços Clínicos e Programas de Qualidade da Optum Serve. Lá, ele liderou serviços clínicos e programas de qualidade, atendendo à comunidade de veteranos em todo o país.</p>

<p>O Dr. Buller juntou-se à equipe da LDVA em fevereiro de 2024. Ele fornece supervisão estratégica das quatro operações fundamentais do departamento: benefícios para veteranos, educação para veteranos, cuidados de longa duração e honras fúnebres. Como diretor de serviços médicos, supervisiona as operações médicas em nossos cinco lares para veteranos na Louisiana.</p>

<p>O Dr. Buller é médico obstetra e ginecologista certificado, com especialização em uroginecologia e cirurgia reconstrutiva pélvica. Ele também é membro do American College of Healthcare Executives e possui a certificação de Executivo Médico pela American Association for Physician Leadership. É mestre pela Carey Business School da Universidade Johns Hopkins e mestre em Segurança Nacional e Estratégia de Recursos pela National Defense University.</p>

<p>O Dr. Buller reside em Covington, Louisiana, com sua esposa Jennie, com quem é casado há 30 anos e cujo apoio inabalável tem sido um pilar fundamental em sua trajetória. Juntos, criaram três filhas talentosas: Tiffany, veterana do Exército dos EUA e analista de defesa que presta serviços ao Exército dos EUA na Europa; Hailey, capitã do Exército dos EUA e residente de pediatria no Centro Médico do Exército Madigan; e Meredith, bióloga com mestrado em Maryland. Fundamentado na família e na fé, os valores do Dr. Buller continuam a inspirar seu legado de serviço e excelência.</p>
